 = 2*a**2 - 11*a + 4. Let p be i(5). Is t(p) a composite number?
True
Let t = -1100350 - -2361629. Is t a composite number?
False
Let y = -888743 - -1463542. Is y a prime number?
True
Let p = -53 - -41. Let i = 10 + p. Is (0 + i)/(-8) - (-6483)/4 prime?
True
Let b = -722723 - -1280440. Is b composite?
False
Is ((-28)/(-21))/(36/489213) prime?
True
Suppose 0 = -2*n - 6, -5*h + 58 - 242 = 3*n. Is (-40158)/(-7) - h/245 composite?
False
Suppose t = 4*a - 3395, -4*a = -5*t - 2700 - 14339. Let q = t + 7402. Is q composite?
True
Let b = 41 + -43. Let d(g) = -684*g**2 - 6*g - 3. Let w be d(b). Let p = -1750 - w. Is p a composite number?
False
Let g(p) = -p**3 - 95*p**2 - 177*p - 808. Is g(-97) a composite number?
True
Suppose 6*d = 3*d + 9. Suppose d*k + 2*y = -2*y + 18, y - 37 = -4*k. Suppose 2*o - 3*x - 100 = k, x = -5*o + 275. Is o prime?
False
Let b(c) = -c**3 - 13*c**2 - 22*c + 7. Suppose o + 2*o = 6. Suppose -2*m - 41 = -3*k, 10 = -0*k + o*k. Is b(m) composite?
False
Suppose -16*j + 251911 - 6187 = -1621748. Is j composite?
True
Suppose -2*g = -y + 7, -4*y + 3*g + 4 = 7*g. Is (-5278)/(-3) + (2/y - 1) a composite number?
False
Is 17021*(6 + -1)*(-16)/(-80) a composite number?
False
Suppose -v = -3477 - 511. Suppose 4334 = 6*s - v. Is s a composite number?
True
Suppose -2*f - 2*k = -997616, 2*k - 2494025 = -2*f - 3*f. Is f a composite number?
False
Is 5/(100/(-380)) - -190460 composite?
True
Suppose 7*b - 12*b - 2995 = 0. Let z = b - -657. Is z a composite number?
True
Let c(b) = 2*b**3 - 30*b**2 - 3*b - 21. Let o be c(15). Let w = o + 60. Let f(n) = -277*n + 17. Is f(w) prime?
False
Suppose 15*l + 1451 = -214. Let w = 2518 - l. Is w a composite number?
True
Suppose -5*c + 25 = 5. Suppose c*l - 8 = 4*j, j + 3 - 1 = -l. Suppose -3*r + 4*r - 1685 = l. Is r composite?
True
Suppose 16*l - 702962 = -96658. Is l prime?
False
Let g be (7/(28/12))/1. Suppose g*y - 1391 = 3*u - 7*u, -u + 3*y + 344 = 0. Suppose r = -0*r + u. Is r a composite number?
False
Is ((-5272)/(-20))/((-62)/(-270785)) a prime number?
False
Let p = 1 - 2. Let f(x) be the second derivative of -1113*x**5/20 + x**4/4 - x**3/6 - x**2 - 2*x + 44. Is f(p) a prime number?
False
Let h(n) = 1979*n + 994. Is h(3) a composite number?
True
Suppose 5*j + 4*w - 1900606 = -347113, -4*j + 1242737 = -5*w. Is j a prime number?
True
Let f = -135 - -140. Suppose 2 = -f*w + 22. Let k(c) = 158*c**2 - c + 9. Is k(w) a prime number?
False
Let p(x) be the second derivative of x**7/2520 + 7*x**6/360 + x**5/24 - 7*x**4/12 - 4*x. Let d(l) be the third derivative of p(l). Is d(-16) a composite number?
False
Suppose -4*a + 4 = 36, -5*a - 31591 = -3*q. Is q composite?
True
Let k(f) = -2*f**2 + 27*f + 9. Let o be k(14). Let t be ((-6)/10)/(o/25). Suppose -t*h - 5*j = -5117 - 1744, -3*h + 4*j = -6861. Is h a prime number?
True
Let r = 263224 - 149217. Is r a prime number?
False
Suppose -34 = -3*n + 2*z, -2*z + 2 = -n - 4*z. Let h be (-2)/n*1 - (-33550)/(-40). Let t = h + 1816. Is t prime?
True
Let a(l) be the third derivative of l**5/60 - l**4/3 + l**3/3 - 3*l**2. Let u be a(8). Suppose u*y = w + 1344, 4*y - 1122 - 1572 = 5*w. Is y a prime number?
False
Let z = 4551 - 8041. Let n = z + 9269. Is n a prime number?
True
Suppose -7*c + 15 = -4*c, 969282 = 2*a + 8*c. Is a prime?
True
Let o = -5710 - -6371. Let w be -1*1/(-1)*0. Suppose w = v + 4*s - o, v - s = -0*s + 651. Is v composite?
False
Suppose p - 36815 = d, 2*d + 15 = -d. Let v = p + -21739. Is v composite?
True
Suppose -2*w + 2*l + 12 = 0, -16 = 2*w + 2*l + 3*l. Suppose -w*a - 5841 = -5*a. Suppose 0 = 3*m - a - 2250. Is m prime?
True
Let n(y) = -35444*y + 363. Is n(-14) composite?
False
Is -88196*95/(-60) + 3/(27/(-6)) composite?
True
Let k(p) = p**3 + 7*p**2 + 5*p + 3. Let t = -40 + 34. Let q be k(t). Suppose -b - 5048 = -q*b. Is b composite?
False
Let s = 25 + -33. Let y be 209 - s/((-40)/(-15)). Let r = 47 + y. Is r a prime number?
False
Suppose m = 5*m - 5*r - 77, 0 = -2*m + 5*r + 41. Let j(b) = 1260*b - 149. Is j(m) a composite number?
False
Let k be 136409/(-7) - -3 - 6. Let s = -11827 - k. Is s composite?
True
Let t(m) = -m**2 + 6*m + 8. Let c be t(7). Suppose 2*r - c = -1. Let u(v) = -v**2 - v + 19. Is u(r) composite?
False
Is (((-8)/(-44))/1)/2 - 480270/(-11) a prime number?
True
Suppose 4*u + 4 = 4*b, -4*b - 2*u + 1 = -9. Suppose 12 = b*x - 18. Is 2/x + 5758/15 + -5 composite?
False
Let s(a) = 2*a**3 + 30*a**2 - 32*a + 4. Let m be s(-16). Suppose -g = m*g - 42505. Is g a composite number?
False
Suppose 3*z - 3 = -3*u + 15, 5*z - 18 = -u. Suppose 0 = -4*h + 4, -z*i = -2*h + h + 433. Let a = 591 + i. Is a a composite number?
True
Let h be 117/1053 - ((-106)/9)/2. Suppose -k - 18 = 2*k. Is -175*23/k + 1/h prime?
False
Let w(t) = -t**2 + 5*t - 3. Let x be w(2). Suppose -3*l = -x*j, l + 2*j - 24 = -3*j. Is 6/l*-1506*(-3)/27 prime?
True
Let r = -300 - -306. Is 12873/r*(-16)/(-56) prime?
True
Let z(i) = -i**3 - 15*i**2 - 59*i - 5. Let j be z(-13). Let g = 681 - j. Is g a composite number?
False
Let t(c) = 70*c + 3 + 1170*c - 128*c + 58 + 147*c. Is t(2) a composite number?
False
Suppose 0 = -3*d + 11405 - 3470. Suppose -3*i - 2*f - 6390 = -1330, 0 = -4*f + 32. Let w = d + i. Is w a prime number?
True
Let b be (-40)/300 - (-6956)/(-30). Let h = -1800 - b. Let k = 2965 + h. Is k a prime number?
False
Let v = 140 - 144. Is (-1658365)/58*v/10 a prime number?
True
Let n(r) = 399*r**3 + 9*r**2 - r + 46. Is n(7) a prime number?
False
Suppose -6*o + 11*o + 412893 = 4*t, 6*o - 309621 = -3*t. Is t prime?
True
Suppose -3*c = 2*q - 4971, 3*c - 1434 = -5*q + 10971. Let m = q + -646. Let l = 2601 - m. Is l a composite number?
False
Let t = -4 + -5. Let w(a) = -90*a - 46. Let u(v) = 30*v + 15. Let n(f) = 11*u(f) + 4*w(f). Is n(t) a composite number?
False
Is (2008810/6)/(390/234) composite?
False
Let k = 14 + -4. Let v = 1070 + -414. Suppose k*o - v = 2*o. Is o prime?
False
Suppose 19367*z + 2141979 = 19388*z. Is z composite?
False
Let y(l) = -26*l**3 + 2*l**2 - 7*l - 14. Let b be y(-6). Suppose 0 = 2*c - 4950 - b. Is c composite?
False
Suppose -649569 = -5*a + 4*j, 3*j = 111*a - 108*a - 389739. Is a composite?
False
Let j(r) = 555*r + 11. Let f(y) = y**3 - 10*y**2 + 17*y - 4. Let u be f(8). Is j(u) composite?
True
Let i = 22798 - -56565. Is i prime?
False
Suppose 1 = d, -595 = b + d - 6*d. Is 5 - (-60)/(-6)*b a prime number?
False
Let u(m) = 45*m**3 - 8*m**2 + 6*m - 9. Let q = -17 + -31. Let p = q + 52. Is u(p) a composite number?
False
Let b be 6/(-30) + (-380)/(-25). Suppose 105343 = -8*z + b*z. Is z composite?
True
Is ((-9)/(63/28))/((-160)/3591160) a prime number?
True
Let a = -261 - -261. Suppose 2*c = -2*l + 2222, -3*l + a = 12. Is c prime?
False
Let w(j) = -2*j**3 + 144*j**2 - 109*j - 559. Is w(70) prime?
True
Let j(g) = g**3 + 6*g**2 - 9*g - 9. Let k be j(-7). Suppose -n = k*n + 12. Is n/((-20)/(-3395))*-2 a prime number?
False
Let d(m) = m**3 - 15*m**2 + 18*m - 29. Let w be d(16). Let p = w - 280. Is p prime?
False
Let j(g) = 150*g**2 + g + 99. Let d(u) = 19*u**2 + 79*u + 4. Let p be d(-4). Is j(p) prime?
False
Suppose 5*c = -5*g + 108750, 14*c + 3*g = 10*c + 87002. Suppose -120*r = -112*r - c. Is r composite?
False
Is (-4784110)/(-15)*7/(56/12) prime?
True
Suppose -441*t = -440*t + 5*u - 79559, -5*t + 5*u + 397975 = 0. Is t prime?
True
Suppose -1804654 + 336752 - 495350 = -4*f. Is f prime?
False
Let r(c) = -138*c - 9. Let l(q) = 4*q - 62. Let f be l(14). Let k be 4/f*-2*45/(-6). Is r(k) a composite number?
True
Suppose -320 = -h + 3*h. Let s be (h/72)/(-10) + (-4309)/(-9). Is (-28)/7*s/(-4) prime?
True
Suppose 4*j - 3*a - 131 = 0, 5*j + 16*a - 20*a = 164. Suppose 120180 = -j*d + 44*d. Is d prime?
False
Suppose -5*i + s = -23, 2*i - 14*s = -9*s + 23. Suppose i*q + r = 8693, 2*q - 2*r + 8694 = 6*q. Is q a prime number?
False
Suppose 0 = 2*a + 6*y - 499847 - 278903, 5*a - 4*y = 1947027. Is a composite?
False
Let w = -1911 - -41938. Is w a prime number?
False
Suppose -3*z + 531 = 6*z. Let k = 66 - z. Is (8/k)/(-8) + 4300/14 a composite number?
False
Suppose -14999 = -5*b + 5*w - 3094, 0 = -5*b - 5*w + 11885. Suppose b + 12852 = 3*g. Is g prime?
True
Let u = 158346 + -55585. Is u a prime number?
True
Let o be (1545/(-412))/((-3)/752). Suppose 0*t - 798 = -t. Suppo